digit of n(v)?
9
Let q(k) = 2*k + 9. Let u be q(-4). Suppose -a + 1 = -h - 2, 3*a - 4*h = 9. Suppose -a*v + 7 - u = 0. What is the units digit of v?
2
Let v(m) = -m**3 + 8*m**2 - 11*m - 4. What is the tens digit of v(5)?
1
Let c(r) = 17*r**3 + 5*r**2 + r - 3. What is the hundreds digit of c(2)?
1
Suppose 5*p - 50 = -2*u, 5 = 4*p + 4*u - 23. Let b = 18 - p. What is the units digit of b?
6
Let g(c) = -c**3 - c + 10. Let x be (0 - -2)/(-4)*0. What is the tens digit of g(x)?
1
Let u be (-5)/(-1)*(-108)/(-20). Suppose p - 5 = u. What is the units digit of p?
2
Let i(h) = -26*h - 1. What is the units digit of i(-1)?
5
Let m be (-5)/(-3) + (-3)/(-9). Let a = 0 + m. Suppose -3*h = -5*j + 8, -2*j - a*j = 2*h - 2. What is the units digit of j?
1
Suppose r - 2 = 2. Suppose 0 = -2*o + 4*o - r. What is the units digit of o?
2
Let q(x) = x**3 + 7*x**2 - x - 1. Suppose -u = 5*g - 37, -4*g + 7 - 47 = -5*u. Suppose d + u = -2*f + 1, -1 = -d + 4*f. What is the units digit of q(d)?
6
Let z(n) = -77*n - 2. What is the tens digit of z(-1)?
7
Suppose 27 = 3*o + 2*j + 160, -o = 4*j + 41. Let p = o - -67. What is the tens digit of p?
2
Let d(k) = k**2 - 2*k. Let i be d(3). Let v(z) = -z**3 + 4*z**2 - 2*z - 1. Let n be v(i). Suppose t = n, 0*t = -u + 2*t + 9. What is the units digit of u?
3
Suppose -35 = -f - 4*f. Let y = f - -1. What is the units digit of y?
8
Suppose 3*z + 10 = -f - f, z + 5*f - 1 = 0. Let r(v) = v + 6. Let i be r(z). Suppose 0 = -i*l - 0*l + 12. What is the units digit of l?
6
Suppose 189 = -3*v + 6*v. What is the units digit of v?
3
Let x = 97 - -20. What is the units digit of x?
7
Suppose 5*f + 4*s = 12, f = -0*f - s + 3. Let q(o) = -7*o + f*o**3 + 0*o**3 - 9*o**2 + 3 + o**3 + 2*o**2. What is the tens digit of q(8)?
1
Let p = -69 + 75. What is the units digit of p?
6
Let o = 27 - -24. What is the tens digit of o?
5
What is the units digit of ((-60)/25)/((-1)/30)?
2
Suppose t - 135 = 4*t. Let m = t + 25. Let b = 30 + m. What is the tens digit of b?
1
Suppose 4*g = 2*g + 70. What is the units digit of g?
5
Let f(c) be the third derivative of -c**6/120 + c**5/20 + c**4/24 - c**3/2 - 3*c**2. Let t be f(3). Suppose t = 2*k - 11 - 13. What is the tens digit of k?
1
Suppose -5*y + 28 = -4*y - 2*h, -4*y + 2*h = -82. Let f = y + -11. What is the units digit of f?
7
Let w(m) = -m**3 - 5*m**2 + 5*m - 6. Let s be w(-6). Suppose 4*r + 2*b = b + 104, s = 5*b. What is the units digit of r?
6
Let c be 4*(-3 + (1 - -1)). Suppose 0 = f - 6*f + 35. Let l = f + c. What is the units digit of l?
3
Suppose 0 = -0*q + 7*q - 42. What is the units digit of q?
6
Suppose 39 = 3*k - 42. What is the units digit of k?
7
Let w be (1 - (-21)/(-15))*-5. Let f = 15 + w. Let u = f + -11. What is the units digit of u?
6
What is the units digit of 3/2*-6*97/(-3)?
1
Suppose -4*p - 5*m + 12 = -0*p, p - 5*m - 3 = 0. What is the units digit of p?
3
Let t(o) be the third derivative of o**4/8 - o**3 - 2*o**2. Let j be t(6). What is the units digit of (-4)/(-6)*j/8?
1
Let p be (1 + 5)/(6/(-4)). What is the tens digit of (-4)/1*13/p?
1
Suppose 6*f - 343 = -55. What is the tens digit of f?
4
Let k be 12/(-20) + 1492/20. Suppose -5*w + k = g, -w + 0*w + 10 = -g. What is the tens digit of w?
1
Let o(c) = -15*c + 50. What is the hundreds digit of o(-8)?
1
Suppose -x = 5 - 84. What is the units digit of x?
9
Let z(a) = -a + 1. Suppose 2*k = 3*k - 4*n - 9, -2 = 2*n. Let p(j) = j - 2. Let s(f) = k*p(f) + 6*z(f). What is the units digit of s(-9)?
5
Let d = 11 + -74. What is the units digit of (d/9)/(2/(-6))?
1
Let w be ((-12)/18)/((-2)/18). Let h be 1/((1 - -1)/w). What is the units digit of ((-14)/3)/((-2)/h)?
7
Suppose -6 = -2*y + 4*m, -3*m - 6 - 6 = y. What is the units digit of 6/y - -3 - -13?
4
Let b = 2 - -8. What is the units digit of b?
0
Suppose -5*r + 4*b + 1042 = 0, -2*r + 234 + 181 = -b. What is the hundreds digit of r?
2
Let b = -153 + 236. What is the units digit of b?
3
Let w(c) = 4*c - 21. Let k(t) = 2*t - 11. Let f(v) = -11*k(v) + 6*w(v). Let i be f(4). Suppose g - i*g + 26 = 0. What is the tens digit of g?
1
Let z(q) be the third derivative of 1/6*q**3 + q**2 + 1/12*q**4 + 1/10*q**5 + 0 + 0*q. What is the units digit of z(-1)?
5
Let l(f) = 9*f**2 - 5*f + 4. What is the tens digit of l(2)?
3
Suppose 2*n + 5*b = -0*b + 13, -3*n = 2*b - 14. What is the units digit of n?
4
Suppose 0 = 4*i + 5*q - 0*q - 57, 0 = -3*i + 5*q + 34. Let v = i - 8. What is the units digit of (v - (3 + -3)) + -3?
2
Suppose -r = 3*r. Suppose -3*l = -r*l. Let x(c) = c + 7. What is the units digit of x(l)?
7
Let h = -49 + 105. What is the units digit of h?
6
What is the hundreds digit of 214427/527 + (-4)/(-34)?
4
Suppose 31 + 47 = 2*g + 5*x, 4*x = 3*g - 71. What is the tens digit of g?
2
Let u = 46 + -32. Let s = u - 3. What is the units digit of s?
1
Let d = 622 + -333. What is the units digit of d?
9
Let t be ((-3)/2)/(2/(-4)). Let j be 15/t - -1 - 1. Suppose 0 = i + 3, 0 = -2*h - h + j*i + 69. What is the tens digit of h?
1
Suppose 4*m - 93 = -5*o - 10, 0 = -2*m + 5*o + 19. What is the tens digit of m?
1
Let p(a) = -2*a - 11. Let u = 17 - 28. What is the units digit of p(u)?
1
What is the units digit of (-18)/(-12) + 123/2?
3
What is the units digit of (-1)/(-4) + (-371)/(-4)?
3
Suppose -5*m + 0*m + 165 = -5*a, 3*m - 103 = a. What is the tens digit of m?
3
Suppose 6*y = 4*y + 62. Suppose -v = -6*i + i + y, -48 = -4*i - 5*v. What is the units digit of i?
7
Let n be ((-6)/(-4))/(1/(-2)). Let t be (-1)/(1*(-2)/10). Let w = t + n. What is the units digit of w?
2
Let u = 76 + -62. What is the units digit of u?
4
Let t(n) = -n**3 - 4*n**2 - 3*n - 1. Let o be t(-4). Let h = 6 + -3. Let g = o - h. What is the units digit of g?
8
Let g = -9 - -24. Suppose 0*f = -3*f + g. Suppose -f*b + 4*m = -6, 7*m - 2*m = b + 3. What is the units digit of b?
2
Suppose -6*s = -s - 15. What is the units digit of s?
3
Let p = 191 + -71. What is the tens digit of p?
2
Let u(h) = 5*h + 1. Let o be u(-2). What is the units digit of (-4)/6 + (-69)/o?
7
Let j(l) = l**2 - 2*l + 1. Let g be (-2)/(1 + -3) + 3. What is the units digit of j(g)?
9
Suppose 20*w - 18*w = 130. What is the units digit of w?
5
Let r be 2/6*-1*-6. Suppose 4*c - 5*s = 65, 0*s - 2*s + 28 = r*c. What is the units digit of c?
5
Let j = 43 - 25. What is the tens digit of j?
1
Suppose f - 42 + 14 = 3*r, 8 = -2*r. Suppose 5*v = 3*v + f. Suppose v = 3*y - s, 0*y = y - 3*s - 8. What is the units digit of y?
2
Let d(l) = -l**2 + 3*l - 2. Let a be d(4). What is the units digit of 1*3/a*-46?
3
Suppose 2*x + 88 = 4*c, -3*x - 94 = -4*c + 2*x. Suppose 4*v - 5*h - 17 = 10, -3*v + 3*h + c = 0. What is the units digit of v?
8
Let q = -47 + 74. What is the units digit of q?
7
Let p be ((0 + -604)/(-2))/2. Suppose -6*m = -11 - p. What is the units digit of m?
7
Let u = 11 - 6. Let f(j) = -j**3 - 2*j**2 + 2*j - 1. Let s be f(-3). Suppose -u*q = -s*i - 65, 3*q + i - 24 = 26. What is the tens digit of q?
1
Let i(y) = y**3 + 5*y**2 + 4*y + 3. Let c be i(-4). Suppose -2*q = -2*d - 2*d - 38, -3*q + 30 = c*d. What is the tens digit of q?
1
Let s be 1 + -9 + 4 - -6. What is the units digit of s*(123/(-2))/(-3)?
1
Let c = 278 - -94. What is the tens digit of c?
7
Let j(u) = 2*u**2 + 8*u + 6. Let q be j(-5). Let z = q - 7. What is the units digit of z?
9
Suppose -5*v - 46 = o - 0*o, 3*o + 4*v = -83. Let l = o - -34. Suppose -k = z + 3*k - l, -5*k = -5*z + 65. What is the tens digit of z?
1
Suppose 2*n = c + 82 + 77, 3*n - c = 240. What is the tens digit of n?
8
Let i(q) = q**2 - 9*q + 12. Let p be i(8). Suppose 2*y + 21 = 3*y + p*x, 5 = x. What is the units digit of (-3)/(-9)*y*6?
2
Suppose -2*m = -22 - 20. What is the tens digit of m?
2
Let n = 72 + -39. Suppose -j - 3*j - 84 = -3*q, 3*j + n = q. What is the units digit of q?
4
Let w = 94 + -38. Let z(v) = -v**3 - 4*v**2 + 4. Let t be z(-4). Suppose 0 = t*s - 0*s - w. What is the units digit of s?
4
Let l = 30 + -15. Suppose -m - 4 = -l. What is the tens digit of m?
1
Let j(q) = -q**2 - 3*q + 3. Let z be j(-6). Let y = -4 + 3. What is the units digit of -2 + (-2 - (z - y))?
0
Let v(u) = 2*u**3 - 2*u**2 + 6*u - 8. What is the tens digit of v(3)?
4
Suppose 8 = 3*n - 1. Suppose -2*l = -l - n*a - 12, -2*a = -3*l + 22. What is the units digit of l